4)/50 composite?
True
Let h be 84/294 - (-108141)/7. Suppose h = 9*a - 7078. Is a a composite number?
False
Let r(b) be the first derivative of b**5/20 - b**3/2 + 5*b**2/2 + 10*b + 2. Let u(n) be the first derivative of r(n). Is u(6) a prime number?
False
Let b(s) = s**3 + 20*s**2 - s + 2. Let t be b(-17). Suppose -m = -2*w + 5*w - 443, 2*m + 3*w - t = 0. Is m prime?
True
Let a(k) = 21603*k - 1925. Is a(6) a composite number?
True
Let h = -264694 + 457067. Is h prime?
True
Let t = 128683 + 29610. Is t composite?
False
Let j be (-3)/6*-2 - 0/2. Suppose -7 - j = 4*u, -2*z + 4*u + 57382 = 0. Is z a prime number?
True
Suppose -q + 768 = 11*q. Let d = q - -1213. Is d a prime number?
True
Let k be (35/15)/(4/(-60)*-5). Suppose -3*z - k*z = -77150. Is z a prime number?
False
Let y(i) = -1137*i + 2. Let r be (44/(-55))/((-2)/(-5)). Let x be y(r). Let c = 4329 - x. Is c a composite number?
False
Suppose -6*w + 15 = -9. Suppose 3*t - 2442 - 869 = 4*v, -w*v + 4452 = 4*t. Is t a prime number?
True
Let k be ((-36)/15)/(2*4/(-6440)). Suppose 2*y + 5*y = k. Suppose 2234 - y = 3*u - t, 1 = t. Is u prime?
True
Is (-6 - (-1 + -5))/1 - (-394954)/2 a prime number?
False
Suppose -1020874 - 2308905 = -23*t. Is t a prime number?
True
Suppose -24*q + 1765095 = 3*f - 26*q, -2*f = -q - 1176731. Is f prime?
False
Let i = 2625764 - 1704817. Is i prime?
True
Let o(n) be the second derivative of -n**4/12 - 3*n**3/2 - 17*n**2/2 - 8*n. Let v be o(-5). Suppose -152 - 7 = -v*f. Is f prime?
True
Let c = -4995 + 2773. Let i = -93 - c. Is i a prime number?
True
Let v = -83614 - -384633. Is v a composite number?
True
Let u = -509 - -874. Let j = 979 - u. Is j composite?
True
Let p(v) be the third derivative of v**6/120 - v**5/6 - 5*v**4/8 + 7*v**3/3 + 13*v**2. Let b be p(11). Let t = 53 - b. Is t composite?
False
Suppose -17*b + 494817 + 5676403 = -1413823. Is b a composite number?
False
Suppose -99*p + 3246 + 585903 = 0. Is p a prime number?
False
Let y = -736 - -424. Suppose 6*d - d = -4*a + 3087, a = -2. Let n = d + y. Is n composite?
False
Let w(n) = -613*n + 58. Let r be w(13). Let h = -1564 - r. Is h a composite number?
True
Is -16 - (-15 + -4) - 1776417/(-3) a prime number?
False
Suppose 0 = -23*x + 25*x - 12. Suppose -2*k + 5*k - x = 0. Suppose -k*a + 0*a + 61 = 3*d, 0 = -5*a + d + 178. Is a composite?
True
Suppose 2*x - 4*c = 16, 3*x - 59 = -2*c - 11. Suppose 7*v + 14 = x*v. Suppose -9130 = -v*b - 1316. Is b composite?
False
Let o(u) = -2*u**2 - 8 - 9*u**3 - 10*u**3 + 13*u**3 + 2*u. Let r be o(3). Let h = r - -489. Is h prime?
True
Suppose -5*b + 4*o + 14 = 0, -5*o + o + 2 = 3*b. Suppose -15781 = -z + 2*h, 5*z - 78929 = -0*z + b*h. Suppose 11*y - z = -2796. Is y prime?
True
Let k = -637 - -658. Suppose 4*f - k*f = -42857. Is f a composite number?
False
Let w = 113 + -108. Suppose 6*n = w*n + 487. Is n prime?
True
Let l = 352 - 745. Let q = 2048 + l. Is q a composite number?
True
Suppose -3*h - 7578255 = -9*x, 4*x - 31*h - 3368126 = -36*h. Is x a prime number?
False
Let m(p) be the first derivative of 20*p**3/3 - 7*p**2/2 - 9*p - 2. Suppose -46*a = -52*a + 36. Is m(a) prime?
False
Let v = -6721 + 10272. Suppose -4*u + 1603 = 3*l - 1956, 4*u = 5*l + v. Is u a prime number?
False
Let u be (-7)/((-42)/(-24)) - -21677. Let k = -13401 + u. Suppose 0 = -11*j - 5*j + k. Is j prime?
False
Let n be 0/((-3)/(-3) - 2) - -1. Let g(z) = 22*z - 2. Let w be g(n). Suppose -4*t = w, -4*t + 159 = 4*q + t. Is q a prime number?
False
Let s(y) = 168*y - 2. Let j be s(-3). Let a = -160 - j. Is a a prime number?
False
Let l(h) = -h**3 - 4*h**2 + h + 10. Let f be l(-2). Suppose 34*p - 153797 - 29157 = f. Is p prime?
True
Let u = 4572 + -1795. Is u a composite number?
False
Suppose -92*w = -94*w + 366922. Is w composite?
False
Let o(l) = 73*l**3 - 20*l**2 - 3*l + 11. Is o(8) a composite number?
False
Suppose 0 = 3*u + 6, -2*x = u + u - 6. Suppose 3 = -3*o, -4*a - 621 = -0*a + x*o. Let q = a + 1061. Is q prime?
True
Let t(h) = h**3 + 7 - 3*h**2 + 1 - 1 - 15*h + 0*h**3. Let d be t(6). Is d/(-20)*76/(-1) composite?
True
Suppose -2*u + 3*i - 10378 = 14890, -i = 2*u + 25268. Let f = 18235 + u. Is f a composite number?
True
Suppose -4*f + 2*f + 8 = 0, 4*f - 28 = -4*g. Let o(q) = 8*q**2 + 13*q + 15. Let k be o(-1). Is ((-782)/g)/(k/(-15)) a composite number?
True
Let l(g) = g**2 - 7*g - 6. Let i be l(8). Suppose i*d - 873 = -5*j, -3*d - d + 1711 = 3*j. Let c = d - -1465. Is c a prime number?
True
Let a = -8 + 52. Suppose -3*u + 25 = -a. Let x = u + 534. Is x a prime number?
True
Suppose 2561 = 5*r - 16324. Let x = -1916 + r. Is x a prime number?
True
Let p = 307697 - -246806. Is p a prime number?
True
Let n be 36 + -34 - (-3 + 0). Suppose 5*f - 5*v = 14050, -5411 = -4*f - n*v + 5856. Is f composite?
True
Let z(b) = 2*b + 42. Let h be z(-19). Let j be (-1 - -1) + 8 - h. Suppose -j*g + 3148 = 2*x, -2*x - 3128 = -4*g + x. Is g a prime number?
False
Let i be (-11)/4 + 1/(-4). Let y(v) = -v**3 - 6*v**2 - 31*v - 90. Let l be y(-4). Is i - (-449 + (l + -3 - 2)) a prime number?
True
Suppose -v = -18*v + 770984. Let p be v/10*175/10. Is -5 + 344/72 - p/(-18) prime?
True
Suppose 0 = 257*r + 265*r - 530*r + 4084232. Is r a prime number?
True
Is (-4)/(-42) + -2082415*(-289)/1785 composite?
False
Let z(r) be the third derivative of r**5/60 - r**4/8 - r**3/6 + 4*r**2. Suppose -29*f = -34*f - 30. Is z(f) composite?
False
Suppose 26*i + 15*i = 6*i + 15865255. Is i a composite number?
False
Suppose z - 2*v = 6, -2*z - 7*v + 3 = -2*v. Let p(h) be the second derivative of 7*h**5/20 + h**2/2 + 5*h. Is p(z) composite?
False
Let u = -429717 - -707686. Is u a prime number?
False
Let b(z) = 520*z**2 - 2*z + 3. Suppose -4*w + 7*w = -5*m - 10, 4*w + 20 = 0. Is b(m) a composite number?
False
Let q = 11374 + -7879. Suppose 4*s = -5*j + q, -4 = s + 1. Is j a composite number?
True
Is (384189/78)/((-1)/(-2)) a composite number?
False
Let w = 15342 - 7693. Suppose -w = -7*c + 13232. Is c a composite number?
True
Let t(x) = 22*x**3 - x**2 + 13*x - 11. Let y be (3 - -1)*(26/8 + -2). Is t(y) prime?
False
Let w(x) = 528*x + 35. Suppose 3*g + 3 = 0, 2*f - 3*g + 68 = 83. Is w(f) a composite number?
False
Suppose 891184 + 885192 + 774282 = 22*u. Is u composite?
True
Let p be (-30)/(-6) + -5 - -24. Suppose -20 = 2*y - p. Suppose -4152 + 1634 = -y*u. Is u composite?
False
Suppose 2*k - 8 + 0 = 0. Suppose 0 = -11*h + 10466 + 1568. Is h - (-4 + k + -3) a composite number?
False
Let j(c) = 3*c - 44. Let p be j(-8). Let x = -56 - p. Is 3*8/x + 3489 a prime number?
True
Suppose 0 = 276*w - 265*w - 4596097. Is w prime?
False
Let f = -142 - -146. Is 1043*(f - (0 - -3)) prime?
False
Let c(v) = 148*v - 17 + 477*v - 23 + 33. Is c(6) a prime number?
False
Suppose -28 = 3*y - y + 4*m, -3*y = 3*m + 45. Let c be y/10 - -2 - 14/10. Is (-1282)/2*((-1)/(-1))/c a composite number?
False
Let l be (3/3)/((-4)/(-20260)). Suppose -1001 = 2*u - 3*u + 2*y, 2*y = -5*u + l. Is u a composite number?
True
Let q = 0 - -5. Suppose -4*c + 4*m + 2859 - 467 = 0, -2*m = -c + 597. Suppose -q*y + 1056 = -c. Is y composite?
False
Let t be (3/(-3) - -9) + 42/42. Suppose 4*k - 4835 = -k. Suppose -8*z = -t*z + k. Is z composite?
False
Let b be 740*((-186)/15 - -2). Let i = 513 - b. Is i prime?
True
Let o(f) = -2609*f**3 - 4*f**2 - 113*f + 19. Is o(-7) composite?
True
Let t(m) = 2785*m - 3107. Is t(6) a composite number?
True
Suppose 1760367 + 367624 = 29*p. Is p composite?
False
Let v be (39/(-6) + 4)*8/(-10). Let t = -177 - -503. Suppose -f + v*f - t = 0. Is f a composite number?
True
Let n = 33644 + -6327. Is n composite?
True
Let y(x) = 2*x**3 - 3*x**2 - 11*x - 5. Let l(u) = -8 + 0*u + 9 - 4*u + 2*u. Let s be l(-4). Is y(s) a composite number?
True
Let c = -939 + 3341. Suppose 2*g = c - 760. Is g prime?
True
Let d be 36/27*(-3)/(-10)*5. Let h(q) = 29 + 7*q - 13*q - 22 + 34*q**d. Is h(-9) prime?
False
Suppose -283*f = -209*f - 1746474. Is f a composite number?
True
Let c(l) = 9423*l + 12907. Is c(18) a composite number?
True
Suppose -2*r - 2*v + 104743 = 24635, 2*r + 4*v = 80118. Is r a composite number?
True
Let g(n) = 2*n - 79. Let q be g(41). Is (q - 1)*6/(12/499) composite?
False
Suppose -f = -2*i - 456875, -3*f = -31*i + 32*i - 1370611. Is f a composite number?
False
Sup